139
List the prime factors of 16038991.
16038991
List the prime factors of 1444904.
2, 109, 1657
List the prime factors of 7535968.
2, 11, 79, 271
List the prime factors of 13887698.
2, 11, 631259
What are the prime factors of 4134510?
2, 3, 5, 15313
What are the prime factors of 6070609?
163, 37243
List the prime factors of 2448719.
7, 13, 71, 379
What are the prime factors of 2915558?
2, 491, 2969
What are the prime factors of 472191?
3, 107, 1471
What are the prime factors of 8213725?
5, 13, 127, 199
What are the prime factors of 72226?
2, 7, 11, 67
List the prime factors of 44431450.
2, 5, 7, 37, 47, 73
List the prime factors of 26252626.
2, 773, 16981
List the prime factors of 40628.
2, 7, 1451
List the prime factors of 58896.
2, 3, 409
What are the prime factors of 218936?
2, 27367
What are the prime factors of 241644?
2, 3, 13, 1549
What are the prime factors of 321433?
7, 47, 977
List the prime factors of 837063.
3, 17, 5471
What are the prime factors of 5772961?
5772961
What are the prime factors of 294621?
3, 98207
What are the prime factors of 14825893?
617, 24029
What are the prime factors of 421564?
2, 11, 13, 67
List the prime factors of 1103841.
3, 40883
What are the prime factors of 7190829?
3, 229, 1163
List the prime factors of 1529727.
3, 509909
What are the prime factors of 196372?
2, 11, 4463
List the prime factors of 1018611.
3, 11, 10289
What are the prime factors of 12831340?
2, 5, 29, 22123
What are the prime factors of 10172162?
2, 7, 11, 13, 5081
List the prime factors of 80348.
2, 53, 379
List the prime factors of 398913.
3, 132971
List the prime factors of 99839.
99839
What are the prime factors of 13173737?
269, 48973
What are the prime factors of 2253871?
2253871
List the prime factors of 3745059.
3, 1248353
What are the prime factors of 7203223?
17, 19, 29, 769
What are the prime factors of 1369293?
3, 29, 15739
What are the prime factors of 143065?
5, 13, 31, 71
What are the prime factors of 4965484?
2, 151, 8221
List the prime factors of 116206.
2, 97, 599
What are the prime factors of 430394?
2, 215197
What are the prime factors of 838005?
3, 5, 7, 23, 347
List the prime factors of 676273.
13, 52021
List the prime factors of 1118090.
2, 5, 17, 6577
List the prime factors of 5064984.
2, 3, 131, 179
List the prime factors of 2441835.
3, 5, 11, 4933
What are the prime factors of 352468?
2, 88117
What are the prime factors of 238877?
238877
What are the prime factors of 41753?
43, 971
List the prime factors of 72816.
2, 3, 37, 41
List the prime factors of 105413.
7, 11, 37
List the prime factors of 19095613.
163, 193, 607
List the prime factors of 1360564.
2, 29, 37, 317
What are the prime factors of 45814?
2, 22907
List the prime factors of 1939253.
1939253
What are the prime factors of 7629678?
2, 3, 7, 19, 3187
List the prime factors of 776291.
53, 97, 151
What are the prime factors of 5146364?
2, 71, 18121
List the prime factors of 2382151.
2382151
List the prime factors of 6333779.
103, 61493
List the prime factors of 713911.
11, 64901
List the prime factors of 637177.
17, 37, 1013
List the prime factors of 542268.
2, 3, 5021
List the prime factors of 1329635.
5, 431, 617
What are the prime factors of 873887?
7, 127, 983
List the prime factors of 847818.
2, 3, 19, 37, 67
List the prime factors of 1288588.
2, 7, 46021
List the prime factors of 3613898.
2, 23, 251, 313
What are the prime factors of 931353?
3, 283, 1097
What are the prime factors of 33337?
17, 37, 53
List the prime factors of 638742.
2, 3, 13, 19, 431
List the prime factors of 17684907.
3, 23, 73, 3511
List the prime factors of 3788040.
2, 3, 5, 31567
What are the prime factors of 1621851?
3, 7, 11, 17, 59
List the prime factors of 742831.
23, 32297
What are the prime factors of 28529?
47, 607
List the prime factors of 129175.
5, 5167
What are the prime factors of 7207387?
11, 643, 1019
What are the prime factors of 19123?
13, 1471
List the prime factors of 1694595.
3, 5, 7, 16139
What are the prime factors of 5147943?
3, 53, 32377
What are the prime factors of 1177476?
2, 3, 98123
What are the prime factors of 20561659?
881, 23339
List the prime factors of 2700512.
2, 84391
What are the prime factors of 11132508?
2, 3, 927709
List the prime factors of 234853.
23, 10211
List the prime factors of 2362121.
1459, 1619
What are the prime factors of 90289?
90289
What are the prime factors of 270468?
2, 3, 11, 683
List the prime factors of 3166444.
2, 617, 1283
What are the prime factors of 4746443?
13, 233, 1567
List the prime factors of 221724.
2, 3, 2053
List the prime factors of 7897863.
3, 19, 138559
List the prime factors of 1161956.
2, 290489
List the prime factors of 2891722.
2, 47, 30763
List the prime factors of 274672.
2, 17167
List the prime factors of 9833304.
2, 3, 13, 31517
List the prime factors of 1346270.
2, 5, 61, 2207
What are the prime factors of 50806?
2, 7, 19, 191
What are the prime factors of 18250281?
3, 7, 127, 2281
List the prime factors of 14936657.
479, 31183
List the prime factors of 2701607.
47, 1223
What are the prime factors of 257835?
3, 5, 17189
List the prime factors of 1457771.
7, 208253
List the prime factors of 1698874.
2, 109, 7793
List the prime factors of 15049.
101, 149
List the prime factors of 128847.
3, 29, 1481
What are the prime factors of 604465?
5, 53, 2281
What are the prime factors of 199997?
7, 28571
What are the prime factors of 268640?
2, 5, 23, 73
List the prime factors of 319760.
2, 5, 7, 571
List the prime factors of 5515106.
2, 17, 162209
List the prime factors of 2009715.
3, 5, 133981
List the prime factors of 13610919.
3, 7, 43, 15073
List the prime factors of 17291813.
7, 11, 224569
List the prime factors of 558235.
5, 97, 1151
List the prime factors of 1016857.
379, 2683
What are the prime factors of 1226243?
587, 2089
List the prime factors of 358841.
7, 51263
What are the prime factors of 2990191?
2990191
What are the prime factors of 413748?
2, 3, 1277
What are the prime factors of 3805012?
2, 769, 1237
What are the prime factors of 1924713?
3, 7, 137, 223
List the prime factors of 20164317.
3, 6721439
What are the prime factors of 105614?
2, 52807
List the prime factors of 4672092.
2, 3, 59, 6599
What are the prime factors of 1196327?
11, 9887
List the prime factors of 254403.
3, 23, 1229
List the prime factors of 266168.
2, 7, 97
List the prime factors of 405112.
2, 79, 641
What are the prime factors of 636762?
2, 3, 7, 15161
What are the prime factors of 1725407?
139, 12413
What are the prime factors of 6470548?
2, 7, 33013
List the prime factors of 1881151.
1881151
What are the prime factors of 17474063?
107, 163309
What are the prime factors of 334376?
2, 7, 853
List the prime factors of 172607.
172607
What are the prime factors of 178574?
2, 11, 8117
List the prime factors of 10194810.
2, 3, 5, 339827
What are the prime factors of 164553?
3, 54851
List the prime factors of 3301512.
2, 3, 23, 5981
List the prime factors of 851301.
3, 11, 8599
What are the prime factors of 27275?
5, 1091
What are the prime factors of 103181?
13, 7937
What are the prime factors of 241411?
73, 3307
List the prime factors of 1717452.
2, 3, 11, 4337
List the prime factors of 18127630.
2, 5, 1812763
What are the prime factors of 863115?
3, 5, 11, 5231
What are the prime factors of 4107451?
389, 10559
List the prime factors of 3270620.
2, 5, 29, 5639
What are the prime factors of 1556601?
3, 518867
List the prime factors of 84147.
3, 7, 4007
List the prime factors of 2798481.
3, 7, 133261
What are the prime factors of 2857333?
2857333
What are the prime factors of 160020?
2, 3, 5, 7, 127
What are the prime factors of 99774?
2, 3, 23, 241
List the prime factors of 1889886.
2, 3, 37, 8513
List the prime factors of 1475172.
2, 3, 29, 157
List the prime factors of 4266960.
2, 3, 5, 23, 773
List the prime factors of 5769561.
3, 7, 41, 6701
What are the prime factors of 6599171?
1327, 4973
List the prime factors of 1146719.
7, 107, 1531
What are the prime factors of 84730?
2, 5, 37, 229
What are the prime factors of 450189?
3, 50021
List the prime factors of 412733.
271, 1523
List the prime factors of 190910.
2, 5, 17, 1123
List the prime factors of 1024789.
37, 27697
List the prime factors of 454877.
61